s of 59666370.
2, 3, 5, 23, 43, 2011
What are the prime factors of 3393222241?
5347, 634603
List the prime factors of 33883393.
23, 1473191
List the prime factors of 6194216129.
67, 92450987
What are the prime factors of 1569904755?
3, 5, 1783, 58699
List the prime factors of 2048973353.
7, 292710479
List the prime factors of 187674608.
2, 11, 1066333
What are the prime factors of 2614318873?
19937, 131129
What are the prime factors of 2439664529?
89, 251, 109211
What are the prime factors of 2608861431?
3, 11, 29, 1361, 2003
List the prime factors of 367322203.
73, 5031811
What are the prime factors of 2826395?
5, 11, 13, 59, 67
List the prime factors of 775167336.
2, 3, 10766213
What are the prime factors of 865034880?
2, 3, 5, 197, 2287
What are the prime factors of 151107661?
29, 5210609
List the prime factors of 259509317.
59, 4398463
What are the prime factors of 131478904?
2, 59, 278557
List the prime factors of 2838267256.
2, 11, 101, 197, 1621
What are the prime factors of 2746670305?
5, 19, 397, 3833
What are the prime factors of 596101765?
5, 7, 17031479
What are the prime factors of 190479565?
5, 38095913
What are the prime factors of 4808743035?
3, 5, 79, 4058011
What are the prime factors of 495877807?
683, 1063
List the prime factors of 3112337003.
263, 11833981
What are the prime factors of 273762003?
3, 91254001
List the prime factors of 1216515017.
1216515017
List the prime factors of 146560684.
2, 31, 43, 27487
What are the prime factors of 41834299?
13, 1153, 2791
List the prime factors of 36821674.
2, 43, 61, 7019
What are the prime factors of 4460239?
7, 17, 37, 1013
List the prime factors of 496061390.
2, 5, 11, 103, 43783
What are the prime factors of 24687783?
3, 19, 59, 2447
What are the prime factors of 300130550?
2, 5, 311, 19301
What are the prime factors of 45443542?
2, 107, 212353
What are the prime factors of 1918308807?
3, 47, 337, 13457
What are the prime factors of 127065655?
5, 1013, 25087
What are the prime factors of 4407445206?
2, 3, 181, 1352807
What are the prime factors of 112448835?
3, 5, 73, 34231
List the prime factors of 355542893.
355542893
List the prime factors of 2690828266.
2, 7, 2557, 75167
List the prime factors of 88777817.
88777817
What are the prime factors of 326348839?
2791, 116929
What are the prime factors of 448374660?
2, 3, 5, 17, 439583
What are the prime factors of 172669428?
2, 3, 1598791
What are the prime factors of 1553072491?
181, 8580511
What are the prime factors of 65264715?
3, 5, 19, 76333
List the prime factors of 139529305.
5, 89, 313549
List the prime factors of 221169543.
3, 7, 10531883
List the prime factors of 8342609479.
10271, 812249
List the prime factors of 140780230.
2, 5, 17, 828119
List the prime factors of 1127131258.
2, 11, 51233239
What are the prime factors of 667575837?
3, 8241677
List the prime factors of 255229912.
2, 7, 4557677
List the prime factors of 580648935.
3, 5, 61, 73, 8693
What are the prime factors of 57591562?
2, 7, 587669
List the prime factors of 12583381.
83, 151607
List the prime factors of 298120723.
298120723
What are the prime factors of 3897317762?
2, 13, 17, 853, 10337
What are the prime factors of 7218428492?
2, 11, 31, 53, 3221
What are the prime factors of 4796960252?
2, 7, 53, 163, 2833
What are the prime factors of 41042424?
2, 3, 29, 109, 541
List the prime factors of 283291244.
2, 1061, 66751
What are the prime factors of 64624383?
3, 29, 247603
What are the prime factors of 5162232?
2, 3, 29, 7417
What are the prime factors of 18121450?
2, 5, 362429
List the prime factors of 25914824.
2, 13, 249181
What are the prime factors of 86299948?
2, 7, 421, 7321
What are the prime factors of 125644661?
1637, 76753
What are the prime factors of 506287301?
13, 83, 469219
What are the prime factors of 22664540?
2, 5, 1133227
List the prime factors of 2318962228.
2, 11, 52703687
What are the prime factors of 39623380?
2, 5, 1981169
What are the prime factors of 20417718?
2, 3, 3402953
List the prime factors of 127723231.
1039, 122929
What are the prime factors of 25467578?
2, 23, 553643
List the prime factors of 3812495352.
2, 3, 158853973
List the prime factors of 1866494636.
2, 29, 43, 109, 3433
What are the prime factors of 60137969?
60137969
List the prime factors of 49257844.
2, 83, 148367
List the prime factors of 601533111.
3, 89, 2252933
What are the prime factors of 2612026674?
2, 3, 2579, 56267
List the prime factors of 5027382629.
5027382629
What are the prime factors of 1754631031?
31, 59, 959339
What are the prime factors of 2109244737?
3, 703081579
What are the prime factors of 919979511?
3, 11, 109, 255763
List the prime factors of 1198582213.
167, 7177139
What are the prime factors of 45178098?
2, 3, 7, 31, 4957
What are the prime factors of 132467627?
132467627
What are the prime factors of 274922778?
2, 3, 13, 271127
What are the prime factors of 3776149518?
2, 3, 4679, 134507
What are the prime factors of 4721217093?
3, 197, 2662841
What are the prime factors of 845707775?
5, 11, 3075301
What are the prime factors of 729589210?
2, 5, 7, 23, 453161
List the prime factors of 161076841.
161076841
List the prime factors of 3366504863.
14419, 233477
List the prime factors of 553450787.
151, 3665237
What are the prime factors of 100094199?
3, 33364733
List the prime factors of 77507740.
2, 5, 3875387
What are the prime factors of 361091555?
5, 11, 2447, 2683
List the prime factors of 2375056910.
2, 5, 17, 821819
What are the prime factors of 1816440644?
2, 619, 733619
List the prime factors of 54358427.
54358427
List the prime factors of 162732596.
2, 13, 1087, 2879
What are the prime factors of 6243973?
89, 70157
List the prime factors of 267548292.
2, 3, 11, 113, 1993
List the prime factors of 1345299347.
7, 89, 991, 2179
What are the prime factors of 3088407913?
71, 43498703
List the prime factors of 253460885.
5, 127, 399151
List the prime factors of 1878937808.
2, 11, 251, 42533
List the prime factors of 1964326707.
3, 7, 23, 37, 59
List the prime factors of 38013685.
5, 7602737
What are the prime factors of 1224881?
7, 233, 751
What are the prime factors of 80677109?
80677109
What are the prime factors of 5308159?
61, 173, 503
What are the prime factors of 1397042447?
12409, 112583
What are the prime factors of 114294552?
2, 3, 41, 2833
List the prime factors of 87473312.
2, 2733541
What are the prime factors of 3729579133?
7, 29, 18372311
What are the prime factors of 227282236?
2, 139, 337, 1213
List the prime factors of 52210882.
2, 31, 842111
What are the prime factors of 2749141586?
2, 1374570793
What are the prime factors of 80722841?
571, 141371
What are the prime factors of 73788415?
5, 17, 151, 5749
What are the prime factors of 1158767622?
2, 3, 64375979
What are the prime factors of 35602887?
3, 11867629
List the prime factors of 1580452978.
2, 13, 60786653
What are the prime factors of 60161790?
2, 3, 5, 13, 19, 23, 353
List the prime factors of 18016313.
7, 19, 135461
What are the prime factors of 155055813?
3, 11, 427151
List the prime factors of 1348684483.
1303, 1035061
List the prime factors of 33150962.
2, 13, 103, 12379
List the prime factors of 244131105.
3, 5, 16275407
What are the prime factors of 96554195?
5, 29, 79, 8429
What are the prime factors of 17320331?
7, 17, 145549
What are the prime factors of 37335603?
3, 1031, 12071
What are the prime factors of 184588872?
2, 3, 13, 79, 7489
What are the prime factors of 18263104?
2, 19, 23, 653
What are the prime factors of 1520812241?
13, 8998889
List the prime factors of 47225956.
2, 61, 193549
List the prime factors of 166236201.
3, 18470689
What are the prime factors of 1683822444?
2, 3, 140318537
List the prime factors of 19134876.
2, 3, 1594573
What are the prime factors of 2566703416?
2, 547, 586541
What are the prime factors of 60073529?
17, 29, 121853
What are the prime factors of 3085872537?
3, 11, 93511289
What are the prime factors of 507254387?
67, 7570961
List the prime factors of 3521596093.
3521596093
List the prime factors of 2529735709.
43, 79, 647, 1151
List the prime factors of 441537477.
3, 147179159
List the prime factors of 2152438654.
2, 349, 443, 6961
What are the prime factors of 889322?
2, 7, 139, 457
List the prime